44)/(-5))/2*(108/(-8) + 11). Let a(g) = -2 - 8*g + 7*g + 0*g. What is a(k)?
9
Let z be (6/(-5))/((93/(-310))/((-6)/4)). Let i(c) = -c**2 - 10*c. What is i(z)?
24
Let w(k) = -k**2 + 13*k + 18. Let t be w(14). Let y(q) = -1 + q + 2 + 0 + t. Calculate y(6).
11
Let c be 26/10 - (-4)/10. Suppose l + c = -2. Let w(m) = 7 - 317069*m**3 + 317068*m**3 - 5*m**2 - 5 + 3*m. Determine w(l).
-13
Suppose 0 = -4*f - 907 - 125. Let w = f - -255. Let c(h) = -h**2 + h + 1. Determine c(w).
-11
Suppose a - 3*a + 3 = -c, -5*a + 8 = -3*c. Let s(p) = -7515*p + 145. Let i(m) = 311*m - 6. Let t(l) = -145*i(l) - 6*s(l). Determine t(c).
5
Suppose 5*s - s + 20 = 0. Let b = -13 - -19. Let q(u) = b*u**3 + 289*u**2 - 295*u**2 - 7*u**3 - 5 - u. Give q(s).
-25
Let f(p) = -p + 7. Let d(k) = -k + 7. Suppose 0 = 5*u - 2*l - 3 + 33, 4*u + 24 = -5*l. Let g(j) = u*d(j) + 5*f(j). Let h = 3 - 0. Calculate g(h).
-4
Let f(q) = 601*q + 40. Let t(v) = 1083*v + 81. Let z(x) = -9*f(x) + 5*t(x). Determine z(-8).
-3
Let x(m) = -27*m + 8*m**3 - m**3 - 6*m**3 + 23*m**2 + 2901 - 2968. Give x(-24).
5
Suppose -634 = 9*c - 58. Let z = 62 + c. Let w(n) = n**3 - 1. Let v(p) = -p**3 + 5*p**2 + 7*p + 8. Let u(d) = z*w(d) - v(d). Calculate u(-4).
6
Let o(n) = 2*n**2 + 191*n - 1672. Let u be o(8). Let f(x) = x**2 + 10*x - 62. Calculate f(u).
34
Let x(m) = -10*m - 99. Suppose -5*q + 4 = -15482*p + 15486*p, 0 = p + q + 1. Calculate x(p).
-9
Let b(j) be the second derivative of -3/2*j**2 - 1/2*j**3 - 27*j + 1/12*j**4 + 0. Suppose 41 = -7*f + 27. What is b(f)?
7
Let t(i) = 5*i**2 - 107*i + 106. Let p be t(1). Let w(k) = k**3 - 3*k**2 - 4*k - 2. Calculate w(p).
-2
Suppose -14*a = 28*a + 168. Let w(i) = 3*i + 2 - 6*i + 0*i + 2*i. What is w(a)?
6
Let l(j) = -j**3 + 5*j**2 - j - 12. Suppose 410*p - 320*p = 360. Give l(p).
0
Let n(i) = -5 + 61*i - 31*i - 20 - 28*i + i**2 - 16. Determine n(6).
7
Suppose -3*u = -4*u - 2, -6 = -5*n + 3*u. Suppose -12*c + 11*c - 1 = n, 12 = s - 5*c. Let r(j) = j + 2. Calculate r(s).
9
Let t(h) = -5*h**3 + 3*h**2 - h + 6. Let c(f) = -151*f**3 + 5*f**2 + 4 - f + 145*f**3 - f**2 + 1. Let m(q) = -4*c(q) + 5*t(q). Determine m(0).
10
Let j be 2*((-1320)/275 + (-18)/(-10)). Let f(r) = -3*r**2 - 2*r - 14. What is f(j)?
-110
Let r(b) = b**3 + 70*b**2 + 3*b + 217. Let a be r(-70). Let z(w) = -4*w + 20. What is z(a)?
-8
Suppose 0 = -3*h + 39. Suppose -h*b + 10 = -3. Let m(f) = 10*f + 1. Give m(b).
11
Let k(p) = -p + 1. Suppose -16 = -25*g + 21*g. Suppose 3*z + 13 = 5*z - q, -3*q - 29 = -g*z. Give k(z).
-4
Let h(z) = -z**2 + 2. Let w = 16 - 16. Suppose g - 19 + 16 = w. Suppose 0 = -14*o + 15*o + g. Determine h(o).
-7
Let o(b) = -b + 3. Let h be (-3 - 15/(-35))*(51/(-9) - -1). Calculate o(h).
-9
Suppose -7*p - 3*p = -4*p. Suppose 4*h = -2*a, -3*h + 18 = -p*h - 3*a. Let g(q) = 2*q**2 - 5*q**2 + q - 2 + 3*q**2 + q**h. What is g(-6)?
28
Let x(n) = -n**3 + 10*n**2 - 29*n + 56. Let d(q) = q**3 - 14*q**2 + 43*q - 81. Let i(h) = -7*d(h) - 10*x(h). Give i(3).
37
Let t(q) = 2*q - 8. Let p = -2398 - -2408. What is t(p)?
12
Let g(d) = 59*d**2 - 15*d + 186. Let t(r) = -138*r**2 + 30*r - 374. Let o(v) = 7*g(v) + 3*t(v). Give o(-23).
-4
Suppose 162*r = 163*r + q + 22, -3*r - 66 = -4*q. Let l(u) = 3*u + 63. Give l(r).
-3
Let s(q) be the third derivative of q**6/144 + q**5/15 - 11*q**4/4 + 51*q**2 - 2. Let c(j) be the second derivative of s(j). What is c(-6)?
-22
Let c(p) = 3 + 7*p**3 - 4 + 5*p**3. Suppose -10 = -17*k + 24. Suppose 4*v - 24 = -4*s, 2*v + 2*v - 22 = -k*s. What is c(s)?
11
Let v(b) = -19*b - 77. Let d(c) = c**2 + 18*c + 52. Let a be d(-4). What is v(a)?
-1
Let i(v) = v**2 + 9*v + 8. Suppose g - 21 = -2*g. Suppose -3*w - g = -2*l + 4*l, l + 3*w = 1. Let h be (6/8)/(4 + 33/l). Determine i(h).
-10
Let m(u) = -u**3 + 5*u**2 + 10*u - 1. Let i(h) = -2*h**3 + 9*h**2 + 21*h - 1. Let s(j) = -2*i(j) + 5*m(j). Let k = -89 - -97. Give s(k).
-3
Let d(m) = -31*m**2 - 35*m**3 + 36*m**3 - 5*m + 28*m + 2 + 1 + 8*m. What is d(30)?
33
Let q be 5*(-294)/(-175)*(1 + 28/(-8)). Suppose -6*c + 125 = -c. Let x = c + q. Let n(h) = h**2 - 3*h + 5. What is n(x)?
9
Let g(b) = b**2 - 30. Let i be (25/7 + -5)*49/14. Determine g(i).
-5
Let n(o) be the third derivative of o**7/1260 - o**6/180 + 73*o**5/60 + 13*o**2 - 2*o. Let k(z) be the third derivative of n(z). Give k(5).
16
Let t(l) = 10 + 2*l - 4*l**2 + 7 - 20 + l**3 - 6*l. Let y be t(5). Let u(o) = y*o - 5 + 0*o + 1. Give u(5).
6
Let c(b) be the third derivative of 0*b - 1/60*b**5 - 99*b**2 - b**3 + 0 + 1/3*b**4. What is c(4)?
10
Let i = 24 + -37. Let r be (-1 - -1) + 13 + i. Let p(o) = -o**3 + o**2 - o + 4. What is p(r)?
4
Let l be 4/7 + 10/(-42). Let c(n) be the second derivative of 0 + n**2 + l*n**3 + 16*n. Determine c(2).
6
Let p(z) = -20*z + 62. Let x be p(-5). Let l be -3*15/(-6)*x/(-135). Let k(o) = 3 + 9 + 0*o + 2*o. Determine k(l).
-6
Suppose -3*d - 86 = 7*c, 79*c - 3*d = 81*c + 16. Let a(p) be the first derivative of -p**3/3 - 15*p**2/2 - 22*p + 3. What is a(c)?
-8
Let y(b) = -24*b**3 - b. Let z be -177 - (-7)/(12 + -5). Let o = z + 175. What is y(o)?
25
Let r(x) = 51*x**2 + 231*x + 26 - 50*x**2 - 264*x. Determine r(32).
-6
Suppose 0 = -245*p + 262*p - 833. Let d(b) = b**2 - 59*b + 494. Determine d(p).
4
Let r(h) be the third derivative of -35*h**4/24 + 349*h**3/6 - 1659*h**2. What is r(10)?
-1
Let a be ((6 - 3) + 2)*1. Suppose 3*z - a*o - 1 = -2, -14 = -2*z - 4*o. Let s(f) = z + f + f + f. Calculate s(4).
15
Let b(j) = 2*j - 3. Let r(k) = 11*k + 12*k + 15*k - 39*k + 2. Let w(g) = b(g) - 3*r(g). Calculate w(6).
21
Suppose 0 = 2*b - 7*b - 15. Let q = b + 8. Let c(k) = -22461*k - 2 + 4 - 2 - 2 + 22464*k. Determine c(q).
13
Let c(j) be the second derivative of -1/6*j**3 + 2*j + 8*j**2 + 128. Give c(14).
2
Let q(l) = -24*l + 9. Let k(z) = -31*z + 9. Let y(h) = 4*k(h) - 5*q(h). What is y(-24)?
87
Suppose -4*r - 4*m + 24 = 0, -r - 2*r = 2*m - 17. Let z(y) = -3*y**3 - 7*y + 1. Let h(d) = 7*d**3 + d**2 + 16*d - 1. Let j(s) = r*z(s) + 2*h(s). Determine j(2).
-3
Let w(t) = 7*t - 91. Let r be w(13). Suppose r = -218*q + 224*q - 6. Let b(g) = -42*g**3 - g + 1. Calculate b(q).
-42
Let v(a) = -a**3 - 3*a**2 + a - 1. Let g = 1281 - 1284. Determine v(g).
-4
Let v = -2354 + 2354. Let b(l) be the third derivative of 0 + 1/2*l**3 - 1/120*l**6 + 1/20*l**5 + 0*l + 3*l**2 + v*l**4. Give b(3).
3
Let w(o) = 3*o + 22. Let f be w(-4). Let p be (4/f)/(6/330). Let a(k) = -11*k**2 - 3*k - p*k**2 + 27*k**2 + 2*k - 1. Determine a(-1).
-6
Let j(o) = -o**2 + 4*o + 1. Suppose -2*n = 4*x - n - 57, -31 = -2*x - n. Suppose x = 2*z + 7. What is j(z)?
4
Let w(i) be the second derivative of i**4/12 + 5*i**3/6 - i**2 + 6*i. Let q be 9/(2 - 3/6). Suppose q*u - 9 + 45 = 0. Give w(u).
4
Let d(h) be the third derivative of 1/3*h**4 + h**3 + 0 - 1/12*h**5 - 1/120*h**6 + 0*h + 213*h**2. Let u be -6 - (1 + -1)/(-2). Calculate d(u).
-6
Let w(m) = 2*m - 6. Suppose 4*z + 140 = -4*k, 2*k = -5*z + 6*k - 184. Let g = z - -40. Let y = 10 - g. Determine w(y).
6
Let f(k) = 5*k**2 - 34*k - 7. Let y be 1*-4 - (-91 + 80). What is f(y)?
0
Let g(y) = 5*y - 13. Suppose 6*m + 3*z = 24, 4*z = 2*m - 42 + 64. Determine g(m).
-8
Let f = -509617 - -509614. Let s(t) be the first derivative of t - 1/2*t**2 - 1. Calculate s(f).
4
Let t be (890/534)/((5/18)/1). Let p(k) = 15*k - 96. Give p(t).
-6
Let x(b) = -b**3 - 14*b**2 - 4*b + 17. Let n(h) = -h**3 + 25*h**2 - 126*h - 14. Let v be n(18). Give x(v).
73
Let n(t) = 2*t**3 + t**2 + 4. Suppose -5*x + 7 = 3*z, 5*z + 41 - 28 = 4*x. Give n(x).
24
Let m(o) = -o**2 + 22. Let a(h) = -1. Let q(l) = 4*a(l) - m(l). Let y be q(6). Let f(n) = -n**3 + 11*n**2 - 9*n - 11. What is f(y)?
-1
Let o(w) = w**2 + 7*w + 8. Let p be o(-6). Suppose 0 = -4*b - 5*c + 69, -2 = 3*c - 17. Let d(r) = -p + b - 1 + 4*r - r**2 + 3*r. Calculate d(6).
14
Let l(k) = k**2 - 7*k + 12. Let x be l(5). Suppose 5*d = h + 33, -4*d - x*h + 15 = h. Let i(z) = 6*z - 40. Let o be i(d). Let c(w) = w + 6. Calculate c(o).
2
Let h(v) = -2*v - 11. Suppose 7*c + 115 = 33 - 51. What is h(c)?
27
Let t(i) be the second derivative of -i**5/20 + i**4/3 - i**3 + 3*i**2 - 632*i. Calculate t(2).
2
Let u(q) = -q**2 - 16*q - 2. Let z(a) = a**2 - 55*a - 366. Let y be z(61). Determine u(y).
-2
Let c(s) = 3*s + s - 1 + 3*s**2 - 2*s + 0*s. Suppose 